{"id":440,"date":"2020-04-21T09:35:43","date_gmt":"2020-04-21T09:35:43","guid":{"rendered":"https:\/\/klbtheme.com\/shopwise\/?page_id=440"},"modified":"2020-04-21T09:35:43","modified_gmt":"2020-04-21T09:35:43","slug":"shop-list-right-sidebar","status":"publish","type":"page","link":"https:\/\/www.africa-company.net\/index.php\/shop-list-right-sidebar\/","title":{"rendered":"Shop List Right Sidebar"},"content":{"rendered":"\t\t<div data-elementor-type=\"wp-page\" data-elementor-id=\"440\" class=\"elementor elementor-440\">\n\t\t\t\t\t\t\t\t\t<section class=\"elementor-section elementor-top-section elementor-element elementor-element-eb7d736 elementor-section-full_width elementor-section-height-default elementor-section-height-default\" data-id=\"eb7d736\" data-element_type=\"section\">\n\t\t\t\t\t\t<div class=\"elementor-container elementor-column-gap-no\">\n\t\t\t\t\t<div class=\"elementor-column elementor-col-100 elementor-top-column elementor-element elementor-element-bf27850\" data-id=\"bf27850\" data-element_type=\"column\">\n\t\t\t<div class=\"elementor-widget-wrap elementor-element-populated\">\n\t\t\t\t\t\t\t\t<div class=\"elementor-element elementor-element-d97d011 elementor-widget elementor-widget-shopwise-breadcrumb\" data-id=\"d97d011\" data-element_type=\"widget\" data-widget_type=\"shopwise-breadcrumb.default\">\n\t\t\t\t<div class=\"elementor-widget-container\">\n\t\t\t<div class=\"breadcrumb_section bg_gray page-title-mini\"><div class=\"container\"><div class=\"row align-items-center\"><div class=\"col-md-6\"><div class=\"page-title\"><h1>Shop List Right Sidebar<\/h1><\/div><\/div><div class=\"col-md-6\"><ol class=\"breadcrumb justify-content-md-end\"><li class=\"breadcrumb-item\"><a  href=\"https:\/\/www.africa-company.net\" title=\"Home\" rel=\"bookmark\">Home<\/a> <\/li>  <\/ol><\/div><\/div><\/div><\/div>\t\t<\/div>\n\t\t\t\t<\/div>\n\t\t\t\t\t<\/div>\n\t\t<\/div>\n\t\t\t\t\t\t\t<\/div>\n\t\t<\/section>\n\t\t\t\t<section class=\"elementor-section elementor-top-section elementor-element elementor-element-c84b969 elementor-section-boxed elementor-section-height-default elementor-section-height-default\" data-id=\"c84b969\" data-element_type=\"section\">\n\t\t\t\t\t\t<div class=\"elementor-container elementor-column-gap-default\">\n\t\t\t\t\t<div class=\"elementor-column elementor-col-66 elementor-top-column elementor-element elementor-element-35d1fb4\" data-id=\"35d1fb4\" data-element_type=\"column\">\n\t\t\t<div class=\"elementor-widget-wrap elementor-element-populated\">\n\t\t\t\t\t\t\t\t<div class=\"elementor-element elementor-element-206362d elementor-widget elementor-widget-shopwise-product-list\" data-id=\"206362d\" data-element_type=\"widget\" data-widget_type=\"shopwise-product-list.default\">\n\t\t\t\t<div class=\"elementor-widget-container\">\n\t\t\t\t\t\r\n\t\t<div class=\"klb-section\"><div class=\"container\"><div class=\"row\"><div class=\"col-lg-12\"><div class=\"row align-items-center mb-4 pb-1\"><div class=\"col-12\"><div class=\"product_header\"><div class=\"product_header_right\"><div class=\"products_view\"><a href=\"javascript:Void(0);\" class=\"shorting_icon grid\"><i class=\"ti-view-grid\"><\/i><\/a><a href=\"javascript:Void(0);\" class=\"shorting_icon list active\"><i class=\"ti-layout-list-thumb\"><\/i><\/a><\/div><\/div><\/div><\/div><\/div><div class=\"row shop_container list\"><div class=\"col-md-4 col-6\"><div class=\"product\"><div class=\"product_img\"><a href=\"https:\/\/www.africa-company.net\/index.php\/produit\/introduction-a-la-fonction-du-multimetre-numerique-em5510\/\"><img decoding=\"async\" src=\"https:\/\/www.africa-company.net\/wp-content\/uploads\/2023\/09\/5510.jpg\" alt=\"product_img1\"><\/a><div class=\"product_action_box\"><ul class=\"list_none pr_action_btn\"><li class=\"add-to-cart\"><a href=\"https:\/\/www.africa-company.net\/index.php\/produit\/introduction-a-la-fonction-du-multimetre-numerique-em5510\/\" data-quantity=\"1\" class=\"button wp-element-button product_type_simple\" data-product_id=\"1585\" data-product_sku=\"\" aria-label=\"Read more about &ldquo;Introduction \u00e0 la fonction du multim\u00e8tre num\u00e9rique EM5510&rdquo;\" rel=\"nofollow\">Read more<\/a><\/li><li><a href=\"1585\" class=\"button detail-bnt\"><i class=\"icon-magnifier-add\"><\/i><\/a><\/li><\/ul><\/div><\/div><div class=\"product_info\"><h6 class=\"product_title\"><a href=\"https:\/\/www.africa-company.net\/index.php\/produit\/introduction-a-la-fonction-du-multimetre-numerique-em5510\/\">Introduction \u00e0 la fonction du multim\u00e8tre num\u00e9rique EM5510<\/a><\/h6><div class=\"product_price\"><\/div><div class=\"rating_wrap\"><div class=\"eael-star-rating star-rating\"><span style=\"width:0%\">Rated <strong class=\"rating\">0<\/strong> out of 5<\/span><\/div><\/div><div class=\"pr_desc\"><p>S&eacute;rie de multim&egrave;tres num&eacute;riques&nbsp;&nbsp;&nbsp;&nbsp;&nbsp;[multim&egrave;tre num&eacute;rique &agrave; plage automatique 5 en 1] &nbsp;&nbsp;Application : &nbsp;le multim&egrave;tre pr&eacute;sente les avantages d&#039;&ecirc;tre polyvalent, &agrave; large plage et facile &agrave; utiliser, et est l&#039;outil le plus couramment utilis&eacute; dans la mesure &eacute;lectronique.&nbsp;Il peut &ecirc;tre utilis&eacute; pour mesurer la r&eacute;sistance, la tension alternative et continue et la tension continue, les<div class=\"read-more\"><a class=\"btn btn-fill-out\" href=\"https:\/\/www.africa-company.net\/index.php\/produit\/introduction-a-la-fonction-du-multimetre-numerique-em5510\/\">En savoir plus<\/a><\/div><\/p><\/div><div class=\"list_product_action_box\"><ul class=\"list_none pr_action_btn\"><li class=\"add-to-cart\"><a href=\"https:\/\/www.africa-company.net\/index.php\/produit\/introduction-a-la-fonction-du-multimetre-numerique-em5510\/\" data-quantity=\"1\" class=\"button wp-element-button product_type_simple\" data-product_id=\"1585\" data-product_sku=\"\" aria-label=\"Read more about &ldquo;Introduction \u00e0 la fonction du multim\u00e8tre num\u00e9rique EM5510&rdquo;\" rel=\"nofollow\">Read more<\/a><\/li><li><a href=\"1585\" class=\"button detail-bnt\"><i class=\"icon-magnifier-add\"><\/i><\/a><\/li><\/ul><\/div><\/div><\/div><\/div><div class=\"col-md-4 col-6\"><div class=\"product\"><div class=\"product_img\"><a href=\"https:\/\/www.africa-company.net\/index.php\/produit\/testeur-de-continuite-et-de-circuits-gk22\/\"><img decoding=\"async\" src=\"https:\/\/www.africa-company.net\/wp-content\/uploads\/2023\/09\/22.jpg\" alt=\"product_img1\"><\/a><div class=\"product_action_box\"><ul class=\"list_none pr_action_btn\"><li class=\"add-to-cart\"><a href=\"https:\/\/www.africa-company.net\/index.php\/produit\/testeur-de-continuite-et-de-circuits-gk22\/\" data-quantity=\"1\" class=\"button wp-element-button product_type_simple\" data-product_id=\"1583\" data-product_sku=\"\" aria-label=\"Read more about &ldquo;Testeur de continuit\u00e9 et de circuits GK22&rdquo;\" rel=\"nofollow\">Read more<\/a><\/li><li><a href=\"1583\" class=\"button detail-bnt\"><i class=\"icon-magnifier-add\"><\/i><\/a><\/li><\/ul><\/div><\/div><div class=\"product_info\"><h6 class=\"product_title\"><a href=\"https:\/\/www.africa-company.net\/index.php\/produit\/testeur-de-continuite-et-de-circuits-gk22\/\">Testeur de continuit\u00e9 et de circuits GK22<\/a><\/h6><div class=\"product_price\"><\/div><div class=\"rating_wrap\"><div class=\"eael-star-rating star-rating\"><span style=\"width:0%\">Rated <strong class=\"rating\">0<\/strong> out of 5<\/span><\/div><\/div><div class=\"pr_desc\"><p>GK22 est un testeur de continuit&eacute; et de circuit avec indication visuelle et acoustique.&nbsp;Il est con&ccedil;u pour le test de continuit&eacute; du c&acirc;blage &eacute;lectrique, des r&eacute;seaux, des syst&egrave;mes.&nbsp;Il peut &eacute;galement &ecirc;tre utilis&eacute; pour d&eacute;terminer la polarit&eacute; des composants semi-conducteurs tels que les diodes, les transistors, etc. CARACT&Eacute;RISTIQUES &middot;D&eacute;tection fiable des c&acirc;blages d&eacute;fectueux, des erreurs de<div class=\"read-more\"><a class=\"btn btn-fill-out\" href=\"https:\/\/www.africa-company.net\/index.php\/produit\/testeur-de-continuite-et-de-circuits-gk22\/\">En savoir plus<\/a><\/div><\/p><\/div><div class=\"list_product_action_box\"><ul class=\"list_none pr_action_btn\"><li class=\"add-to-cart\"><a href=\"https:\/\/www.africa-company.net\/index.php\/produit\/testeur-de-continuite-et-de-circuits-gk22\/\" data-quantity=\"1\" class=\"button wp-element-button product_type_simple\" data-product_id=\"1583\" data-product_sku=\"\" aria-label=\"Read more about &ldquo;Testeur de continuit\u00e9 et de circuits GK22&rdquo;\" rel=\"nofollow\">Read more<\/a><\/li><li><a href=\"1583\" class=\"button detail-bnt\"><i class=\"icon-magnifier-add\"><\/i><\/a><\/li><\/ul><\/div><\/div><\/div><\/div><div class=\"col-md-4 col-6\"><div class=\"product\"><div class=\"product_img\"><a href=\"https:\/\/www.africa-company.net\/index.php\/produit\/kit-testeur-reseau-etk2427\/\"><img decoding=\"async\" src=\"https:\/\/www.africa-company.net\/wp-content\/uploads\/2023\/09\/kit.jpg\" alt=\"product_img1\"><\/a><div class=\"product_action_box\"><ul class=\"list_none pr_action_btn\"><li class=\"add-to-cart\"><a href=\"https:\/\/www.africa-company.net\/index.php\/produit\/kit-testeur-reseau-etk2427\/\" data-quantity=\"1\" class=\"button wp-element-button product_type_simple\" data-product_id=\"1581\" data-product_sku=\"\" aria-label=\"Read more about &ldquo;Kit testeur r\u00e9seau ETK2427&rdquo;\" rel=\"nofollow\">Read more<\/a><\/li><li><a href=\"1581\" class=\"button detail-bnt\"><i class=\"icon-magnifier-add\"><\/i><\/a><\/li><\/ul><\/div><\/div><div class=\"product_info\"><h6 class=\"product_title\"><a href=\"https:\/\/www.africa-company.net\/index.php\/produit\/kit-testeur-reseau-etk2427\/\">Kit testeur r\u00e9seau ETK2427<\/a><\/h6><div class=\"product_price\"><\/div><div class=\"rating_wrap\"><div class=\"eael-star-rating star-rating\"><span style=\"width:0%\">Rated <strong class=\"rating\">0<\/strong> out of 5<\/span><\/div><\/div><div class=\"pr_desc\"><p>CARACT&Eacute;RISTIQUES 1. EM2427, CABLE TESTE Le testeur est un petit testeur de c&acirc;ble portable, qui permet aux professionnels du r&eacute;seau de v&eacute;rifier rapidement et facilement l&#039;int&eacute;grit&eacute; des c&acirc;bles &agrave; paires torsad&eacute;es Ethernet. 2. PINCE &Agrave; SERTIR &Agrave; CLIQUET<\/p><\/div><div class=\"list_product_action_box\"><ul class=\"list_none pr_action_btn\"><li class=\"add-to-cart\"><a href=\"https:\/\/www.africa-company.net\/index.php\/produit\/kit-testeur-reseau-etk2427\/\" data-quantity=\"1\" class=\"button wp-element-button product_type_simple\" data-product_id=\"1581\" data-product_sku=\"\" aria-label=\"Read more about &ldquo;Kit testeur r\u00e9seau ETK2427&rdquo;\" rel=\"nofollow\">Read more<\/a><\/li><li><a href=\"1581\" class=\"button detail-bnt\"><i class=\"icon-magnifier-add\"><\/i><\/a><\/li><\/ul><\/div><\/div><\/div><\/div><div class=\"col-md-4 col-6\"><div class=\"product\"><div class=\"product_img\"><a href=\"https:\/\/www.africa-company.net\/index.php\/produit\/instrument-de-mesure-de-temperature-em502c\/\"><img decoding=\"async\" src=\"https:\/\/www.africa-company.net\/wp-content\/uploads\/2023\/09\/502.jpg\" alt=\"product_img1\"><\/a><div class=\"product_action_box\"><ul class=\"list_none pr_action_btn\"><li class=\"add-to-cart\"><a href=\"https:\/\/www.africa-company.net\/index.php\/produit\/instrument-de-mesure-de-temperature-em502c\/\" data-quantity=\"1\" class=\"button wp-element-button product_type_simple\" data-product_id=\"1579\" data-product_sku=\"\" aria-label=\"Read more about &ldquo;Instrument de mesure de Temp\u00e9rature EM502C&rdquo;\" rel=\"nofollow\">Read more<\/a><\/li><li><a href=\"1579\" class=\"button detail-bnt\"><i class=\"icon-magnifier-add\"><\/i><\/a><\/li><\/ul><\/div><\/div><div class=\"product_info\"><h6 class=\"product_title\"><a href=\"https:\/\/www.africa-company.net\/index.php\/produit\/instrument-de-mesure-de-temperature-em502c\/\">Instrument de mesure de Temp\u00e9rature EM502C<\/a><\/h6><div class=\"product_price\"><\/div><div class=\"rating_wrap\"><div class=\"eael-star-rating star-rating\"><span style=\"width:0%\">Rated <strong class=\"rating\">0<\/strong> out of 5<\/span><\/div><\/div><div class=\"pr_desc\"><p>Introduction &agrave; la fonction de l&#039;instrument de mesure de temp&eacute;rature EM502C SP&Eacute;CIFICATIONS * 0&deg;C \/ 0&deg;F peut &ecirc;tre s&eacute;lectionn&eacute; * M&eacute;moire pour la derni&egrave;re mesure * V&eacute;rification d&#039;erreur de capteur * Alarme de surchauffe * Arr&ecirc;t automatique * Affichage de batterie faible Caract&eacute;ristiques Affichage : LCD Plage de temp&eacute;rature : -50&deg;C ~ 300&deg;C ( -58&deg;F<div class=\"read-more\"><a class=\"btn btn-fill-out\" href=\"https:\/\/www.africa-company.net\/index.php\/produit\/instrument-de-mesure-de-temperature-em502c\/\">En savoir plus<\/a><\/div><\/p><\/div><div class=\"list_product_action_box\"><ul class=\"list_none pr_action_btn\"><li class=\"add-to-cart\"><a href=\"https:\/\/www.africa-company.net\/index.php\/produit\/instrument-de-mesure-de-temperature-em502c\/\" data-quantity=\"1\" class=\"button wp-element-button product_type_simple\" data-product_id=\"1579\" data-product_sku=\"\" aria-label=\"Read more about &ldquo;Instrument de mesure de Temp\u00e9rature EM502C&rdquo;\" rel=\"nofollow\">Read more<\/a><\/li><li><a href=\"1579\" class=\"button detail-bnt\"><i class=\"icon-magnifier-add\"><\/i><\/a><\/li><\/ul><\/div><\/div><\/div><\/div><div class=\"col-md-4 col-6\"><div class=\"product\"><div class=\"product_img\"><a href=\"https:\/\/www.africa-company.net\/index.php\/produit\/testeur-de-batterie-automobile-gk9a\/\"><img decoding=\"async\" src=\"https:\/\/www.africa-company.net\/wp-content\/uploads\/2023\/09\/testeur.jpg\" alt=\"product_img1\"><\/a><div class=\"product_action_box\"><ul class=\"list_none pr_action_btn\"><li class=\"add-to-cart\"><a href=\"https:\/\/www.africa-company.net\/index.php\/produit\/testeur-de-batterie-automobile-gk9a\/\" data-quantity=\"1\" class=\"button wp-element-button product_type_simple\" data-product_id=\"1577\" data-product_sku=\"\" aria-label=\"Read more about &ldquo;Testeur de batterie automobile GK9A&rdquo;\" rel=\"nofollow\">Read more<\/a><\/li><li><a href=\"1577\" class=\"button detail-bnt\"><i class=\"icon-magnifier-add\"><\/i><\/a><\/li><\/ul><\/div><\/div><div class=\"product_info\"><h6 class=\"product_title\"><a href=\"https:\/\/www.africa-company.net\/index.php\/produit\/testeur-de-batterie-automobile-gk9a\/\">Testeur de batterie automobile GK9A<\/a><\/h6><div class=\"product_price\"><\/div><div class=\"rating_wrap\"><div class=\"eael-star-rating star-rating\"><span style=\"width:0%\">Rated <strong class=\"rating\">0<\/strong> out of 5<\/span><\/div><\/div><div class=\"pr_desc\"><p>CARACT&Eacute;RISTIQUES Plage de tension 2,0 V\/3,0 V\/4,0 V\/5,0 V 9,0 V\/12,0 V\/12,5 V\/13,5 V Indication : LED s&#039;allume jusqu&#039;&agrave; la lecture de la tension Plage de fr&eacute;quence : 0 &agrave; 60 Hz<\/p><\/div><div class=\"list_product_action_box\"><ul class=\"list_none pr_action_btn\"><li class=\"add-to-cart\"><a href=\"https:\/\/www.africa-company.net\/index.php\/produit\/testeur-de-batterie-automobile-gk9a\/\" data-quantity=\"1\" class=\"button wp-element-button product_type_simple\" data-product_id=\"1577\" data-product_sku=\"\" aria-label=\"Read more about &ldquo;Testeur de batterie automobile GK9A&rdquo;\" rel=\"nofollow\">Read more<\/a><\/li><li><a href=\"1577\" class=\"button detail-bnt\"><i class=\"icon-magnifier-add\"><\/i><\/a><\/li><\/ul><\/div><\/div><\/div><\/div><div class=\"col-md-4 col-6\"><div class=\"product\"><div class=\"product_img\"><a href=\"https:\/\/www.africa-company.net\/index.php\/produit\/mesureur-de-distance-em55\/\"><img decoding=\"async\" src=\"https:\/\/www.africa-company.net\/wp-content\/uploads\/2023\/09\/55.png\" alt=\"product_img1\"><\/a><div class=\"product_action_box\"><ul class=\"list_none pr_action_btn\"><li class=\"add-to-cart\"><a href=\"https:\/\/www.africa-company.net\/index.php\/produit\/mesureur-de-distance-em55\/\" data-quantity=\"1\" class=\"button wp-element-button product_type_simple\" data-product_id=\"1575\" data-product_sku=\"\" aria-label=\"Read more about &ldquo;Mesureur de distance EM55&rdquo;\" rel=\"nofollow\">Read more<\/a><\/li><li><a href=\"1575\" class=\"button detail-bnt\"><i class=\"icon-magnifier-add\"><\/i><\/a><\/li><\/ul><\/div><\/div><div class=\"product_info\"><h6 class=\"product_title\"><a href=\"https:\/\/www.africa-company.net\/index.php\/produit\/mesureur-de-distance-em55\/\">Mesureur de distance EM55<\/a><\/h6><div class=\"product_price\"><\/div><div class=\"rating_wrap\"><div class=\"eael-star-rating star-rating\"><span style=\"width:0%\">Rated <strong class=\"rating\">0<\/strong> out of 5<\/span><\/div><\/div><div class=\"pr_desc\"><p>Cet instrument adopte la technologie des ultrasons et peut mesurer la distance, la surface et le volume (X&times;Y&times;Z), mise hors tension automatique.&nbsp;Il peut &ecirc;tre utilis&eacute; dans la construction, la finition de b&acirc;timents, etc. &middot;Conversion directe entre les syst&egrave;mes imp&eacute;rial et m&eacute;trique. &middot;Peut stocker et afficher les lectures utilis&eacute;es dans le calcul de surface ou de<div class=\"read-more\"><a class=\"btn btn-fill-out\" href=\"https:\/\/www.africa-company.net\/index.php\/produit\/mesureur-de-distance-em55\/\">En savoir plus<\/a><\/div><\/p><\/div><div class=\"list_product_action_box\"><ul class=\"list_none pr_action_btn\"><li class=\"add-to-cart\"><a href=\"https:\/\/www.africa-company.net\/index.php\/produit\/mesureur-de-distance-em55\/\" data-quantity=\"1\" class=\"button wp-element-button product_type_simple\" data-product_id=\"1575\" data-product_sku=\"\" aria-label=\"Read more about &ldquo;Mesureur de distance EM55&rdquo;\" rel=\"nofollow\">Read more<\/a><\/li><li><a href=\"1575\" class=\"button detail-bnt\"><i class=\"icon-magnifier-add\"><\/i><\/a><\/li><\/ul><\/div><\/div><\/div><\/div><\/div><div class=\"row\"><div class=\"col-12\"><div class=\"col-md-12\"><\/div><\/div><\/div><\/div><\/div><\/div><\/div>\t\t<\/div>\n\t\t\t\t<\/div>\n\t\t\t\t\t<\/div>\n\t\t<\/div>\n\t\t\t\t<div class=\"elementor-column elementor-col-33 elementor-top-column elementor-element elementor-element-3ba6973\" data-id=\"3ba6973\" data-element_type=\"column\">\n\t\t\t<div class=\"elementor-widget-wrap elementor-element-populated\">\n\t\t\t\t\t\t\t\t<div class=\"elementor-element elementor-element-778069b elementor-widget elementor-widget-sidebar\" data-id=\"778069b\" data-element_type=\"widget\" data-widget_type=\"sidebar.default\">\n\t\t\t\t<div class=\"elementor-widget-container\">\n\t\t\t<div class=\"widget woocommerce widget_product_categories\"> <h5 class=\"widget_title\">Nos Cat\u00e9gories de Produits:<\/h5><ul class=\"product-categories\"><li class=\"cat-item cat-item-147 cat-parent\"><a href=\"https:\/\/www.africa-company.net\/index.php\/categorie-produit\/automatisme-regulation-industrielle\/\">Automatisme &amp; R\u00e9gulation Industrielle<\/a><ul class='children'>\n<li class=\"cat-item cat-item-154\"><a href=\"https:\/\/www.africa-company.net\/index.php\/categorie-produit\/automatisme-regulation-industrielle\/alimentation-sur-rail-din\/\">Alimentation sur RAIL DIN<\/a><\/li>\n<li class=\"cat-item cat-item-157\"><a href=\"https:\/\/www.africa-company.net\/index.php\/categorie-produit\/automatisme-regulation-industrielle\/capteurs\/\">Capteurs<\/a><\/li>\n<li class=\"cat-item cat-item-156\"><a href=\"https:\/\/www.africa-company.net\/index.php\/categorie-produit\/automatisme-regulation-industrielle\/relais\/\">Relais<\/a><\/li>\n<li class=\"cat-item cat-item-150\"><a href=\"https:\/\/www.africa-company.net\/index.php\/categorie-produit\/automatisme-regulation-industrielle\/temporisateur\/\">Temporisateur<\/a><\/li>\n<li class=\"cat-item cat-item-148\"><a href=\"https:\/\/www.africa-company.net\/index.php\/categorie-produit\/automatisme-regulation-industrielle\/thermoregulateur\/\">Thermor\u00e9gulateur<\/a><\/li>\n<li class=\"cat-item cat-item-153\"><a href=\"https:\/\/www.africa-company.net\/index.php\/categorie-produit\/automatisme-regulation-industrielle\/transformateur-de-courant-ti\/\">Transformateur de Courant TI<\/a><\/li>\n<\/ul>\n<\/li>\n<li class=\"cat-item cat-item-172 cat-parent\"><a href=\"https:\/\/www.africa-company.net\/index.php\/categorie-produit\/connectiques-et-raccordement\/\">Connectiques &amp; Raccordement<\/a><ul class='children'>\n<li class=\"cat-item cat-item-182\"><a href=\"https:\/\/www.africa-company.net\/index.php\/categorie-produit\/connectiques-et-raccordement\/autres-connectiques-et-raccordement\/\">Autres Connectiques &amp; Raccordement<\/a><\/li>\n<li class=\"cat-item cat-item-175 cat-parent\"><a href=\"https:\/\/www.africa-company.net\/index.php\/categorie-produit\/connectiques-et-raccordement\/barres-accessoires-de-cuivre\/\">Barres &amp; Accessoires de Cuivre<\/a>\t<ul class='children'>\n<li class=\"cat-item cat-item-178\"><a href=\"https:\/\/www.africa-company.net\/index.php\/categorie-produit\/connectiques-et-raccordement\/barres-accessoires-de-cuivre\/flexibar-barre-cuivre-souple\/\">Barre Cuivre Souple<\/a><\/li>\n<li class=\"cat-item cat-item-176\"><a href=\"https:\/\/www.africa-company.net\/index.php\/categorie-produit\/connectiques-et-raccordement\/barres-accessoires-de-cuivre\/meplat-barre-de-cuivre\/\">Barre de Cuivre<\/a><\/li>\n<li class=\"cat-item cat-item-177\"><a href=\"https:\/\/www.africa-company.net\/index.php\/categorie-produit\/connectiques-et-raccordement\/barres-accessoires-de-cuivre\/meplat-de-cuivre-etame\/\">M\u00e9plat de Cuivre \u00e9tam\u00e9<\/a><\/li>\n\t<\/ul>\n<\/li>\n<li class=\"cat-item cat-item-184 cat-parent\"><a href=\"https:\/\/www.africa-company.net\/index.php\/categorie-produit\/connectiques-et-raccordement\/raccordement-de-cable\/\">Raccordement de C\u00e2ble<\/a>\t<ul class='children'>\n<li class=\"cat-item cat-item-187\"><a href=\"https:\/\/www.africa-company.net\/index.php\/categorie-produit\/connectiques-et-raccordement\/raccordement-de-cable\/gaine-thermo-retractable\/\">Gaine Thermo-r\u00e9tractable<\/a><\/li>\n<li class=\"cat-item cat-item-185\"><a href=\"https:\/\/www.africa-company.net\/index.php\/categorie-produit\/connectiques-et-raccordement\/raccordement-de-cable\/trousse-coulee-en-resine\/\">Trousse Coul\u00e9e en R\u00e9sine<\/a><\/li>\n\t<\/ul>\n<\/li>\n<\/ul>\n<\/li>\n<li class=\"cat-item cat-item-111 cat-parent\"><a href=\"https:\/\/www.africa-company.net\/index.php\/categorie-produit\/distribution-protection-basse-tension\/\">Distribution &amp; Protection Basse Tension<\/a><ul class='children'>\n<li class=\"cat-item cat-item-117\"><a href=\"https:\/\/www.africa-company.net\/index.php\/categorie-produit\/distribution-protection-basse-tension\/disjoncteur-a-boitier-moule-mccb\/\">Disjoncteur \u00e0 bo\u00eetier moul\u00e9 (MCCB)<\/span><\/a><\/li>\n<li class=\"cat-item cat-item-113 cat-parent\"><a href=\"https:\/\/www.africa-company.net\/index.php\/categorie-produit\/distribution-protection-basse-tension\/disjoncteurs-modulaires\/\">Disjoncteurs Modulaires<\/a>\t<ul class='children'>\n<li class=\"cat-item cat-item-114\"><a href=\"https:\/\/www.africa-company.net\/index.php\/categorie-produit\/distribution-protection-basse-tension\/disjoncteurs-modulaires\/mcb-disjoncteurs-miniatures\/\">MCB (Disjoncteurs Miniatures)<\/span><\/a><\/li>\n<li class=\"cat-item cat-item-116\"><a href=\"https:\/\/www.africa-company.net\/index.php\/categorie-produit\/distribution-protection-basse-tension\/disjoncteurs-modulaires\/rcbo-disjoncteurs-compacts-differents\/\">RCBO (Disjoncteurs Compacts Diff\u00e9rentiels)<\/span><\/a><\/li>\n\t<\/ul>\n<\/li>\n<li class=\"cat-item cat-item-112\"><a href=\"https:\/\/www.africa-company.net\/index.php\/categorie-produit\/distribution-protection-basse-tension\/distribution-basse-tension\/\">Distribution basse tension<\/a><\/li>\n<li class=\"cat-item cat-item-119 cat-parent\"><a href=\"https:\/\/www.africa-company.net\/index.php\/categorie-produit\/distribution-protection-basse-tension\/protection-et-controle\/\">Protection et contr\u00f4le<\/a>\t<ul class='children'>\n<li class=\"cat-item cat-item-129\"><a href=\"https:\/\/www.africa-company.net\/index.php\/categorie-produit\/distribution-protection-basse-tension\/protection-et-controle\/contacteur\/\">Contacteur<\/a><\/li>\n\t<\/ul>\n<\/li>\n<\/ul>\n<\/li>\n<li class=\"cat-item cat-item-160 cat-parent\"><a href=\"https:\/\/www.africa-company.net\/index.php\/categorie-produit\/gestion-d-energie-et-mesure\/\">Gestion d'\u00e9nergie &amp; Mesure<\/a><ul class='children'>\n<li class=\"cat-item cat-item-165\"><a href=\"https:\/\/www.africa-company.net\/index.php\/categorie-produit\/gestion-d-energie-et-mesure\/appareillage-de-mesure\/\">Appareillage de mesure<\/a><\/li>\n<li class=\"cat-item cat-item-166\"><a href=\"https:\/\/www.africa-company.net\/index.php\/categorie-produit\/gestion-d-energie-et-mesure\/autres-gestion-denergie\/\">Autres<\/a><\/li>\n<li class=\"cat-item cat-item-163\"><a href=\"https:\/\/www.africa-company.net\/index.php\/categorie-produit\/gestion-d-energie-et-mesure\/autres-gestion-d-energie-et-mesure\/\">Autres Gestion d'\u00e9nergie &amp; Mesure<\/a><\/li>\n<li class=\"cat-item cat-item-161\"><a href=\"https:\/\/www.africa-company.net\/index.php\/categorie-produit\/gestion-d-energie-et-mesure\/demarreur-progressif\/\">D\u00e9marreur Progressif<\/a><\/li>\n<li class=\"cat-item cat-item-164\"><a href=\"https:\/\/www.africa-company.net\/index.php\/categorie-produit\/gestion-d-energie-et-mesure\/stabilisateur\/\">Stabilisateur<\/a><\/li>\n<li class=\"cat-item cat-item-162\"><a href=\"https:\/\/www.africa-company.net\/index.php\/categorie-produit\/gestion-d-energie-et-mesure\/variateur-de-frequence\/\">Variateur de fr\u00e9quence<\/a><\/li>\n<\/ul>\n<\/li>\n<\/ul><\/div>\t\t<\/div>\n\t\t\t\t<\/div>\n\t\t\t\t\t<\/div>\n\t\t<\/div>\n\t\t\t\t\t\t\t<\/div>\n\t\t<\/section>\n\t\t\t\t\t\t\t<\/div>\n\t\t","protected":false},"excerpt":{"rendered":"<p>Shop List Right Sidebar Home -40% Add to cart Add to Wishlist Add to Wishlist Blue Dress For Woman &#36;65.00 &#36;39.00Rated 3.00 out of 5(1) Lorem ipsum dolor sit amet, consectetur adipiscing elit. Phasellus blandit massa enim. Nullam id varius nunc id varius nunc. Add to cart Add to Wishlist Add to Wishlist -40% Add<\/p>\n<div class=\"read-more\"><a class=\"btn btn-fill-out\" href=\"https:\/\/www.africa-company.net\/index.php\/produit\/mesureur-de-distance-em55\/\">En savoir plus<\/a><\/div>\n","protected":false},"author":1,"featured_media":0,"parent":0,"menu_order":0,"comment_status":"closed","ping_status":"closed","template":"","meta":{"_eb_attr":"","footnotes":""},"class_list":["post-440","page","type-page","status-publish","hentry"],"_links":{"self":[{"href":"https:\/\/www.africa-company.net\/index.php\/wp-json\/wp\/v2\/pages\/440","targetHints":{"allow":["GET"]}}],"collection":[{"href":"https:\/\/www.africa-company.net\/index.php\/wp-json\/wp\/v2\/pages"}],"about":[{"href":"https:\/\/www.africa-company.net\/index.php\/wp-json\/wp\/v2\/types\/page"}],"author":[{"embeddable":true,"href":"https:\/\/www.africa-company.net\/index.php\/wp-json\/wp\/v2\/users\/1"}],"replies":[{"embeddable":true,"href":"https:\/\/www.africa-company.net\/index.php\/wp-json\/wp\/v2\/comments?post=440"}],"version-history":[{"count":0,"href":"https:\/\/www.africa-company.net\/index.php\/wp-json\/wp\/v2\/pages\/440\/revisions"}],"wp:attachment":[{"href":"https:\/\/www.africa-company.net\/index.php\/wp-json\/wp\/v2\/media?parent=440"}],"curies":[{"name":"wp","href":"https:\/\/api.w.org\/{rel}","templated":true}]}}