{"id":1292,"date":"2023-08-31T14:37:30","date_gmt":"2023-08-31T12:37:30","guid":{"rendered":"https:\/\/www.africa-company.net\/index.php\/produit\/disjoncteur-a-boitier-moule-nm1\/"},"modified":"2023-08-31T14:37:31","modified_gmt":"2023-08-31T12:37:31","slug":"disjoncteur-a-boitier-moule-nm1","status":"publish","type":"product","link":"https:\/\/www.africa-company.net\/index.php\/produit\/disjoncteur-a-boitier-moule-nm1\/","title":{"rendered":"Disjoncteur \u00e0 bo\u00eetier moul\u00e9 NM1"},"content":{"rendered":"<p>1.1 Certificats&nbsp;: KEMA, UKrSEPRO, EAC, RCC, EK&nbsp;;<\/p>\n<p>1.2 Caract&eacute;ristiques &eacute;lectriques : AC 690 V, 50\/60 Hz, 10 ~ 1&nbsp;250 A&nbsp;;<\/p>\n<p>1.3 Mode de montage&nbsp;: vertical et horizontal&nbsp;;<\/p>\n<p>1.4 Norme&nbsp;: CEI\/EN60947-2.<\/p>\n","protected":false},"excerpt":{"rendered":"<p>1.1 Certificats&nbsp;: KEMA, UKrSEPRO, EAC, RCC, EK&nbsp;; 1.2 Caract&eacute;ristiques &eacute;lectriques : AC 690 V, 50\/60 Hz, 10 ~ 1&nbsp;250 A&nbsp;; 1.3 Mode de montage&nbsp;: vertical et horizontal&nbsp;; 1.4 Norme&nbsp;: CEI\/EN60947-2.<\/p>\n","protected":false},"featured_media":1293,"template":"","meta":{"_eb_attr":""},"product_cat":[117,111,112],"product_tag":[],"class_list":["post-1292","product","type-product","status-publish","has-post-thumbnail","hentry","product_cat-disjoncteur-a-boitier-moule-mccb","product_cat-distribution-protection-basse-tension","product_cat-distribution-basse-tension"],"_links":{"self":[{"href":"https:\/\/www.africa-company.net\/index.php\/wp-json\/wp\/v2\/product\/1292","targetHints":{"allow":["GET"]}}],"collection":[{"href":"https:\/\/www.africa-company.net\/index.php\/wp-json\/wp\/v2\/product"}],"about":[{"href":"https:\/\/www.africa-company.net\/index.php\/wp-json\/wp\/v2\/types\/product"}],"wp:featuredmedia":[{"embeddable":true,"href":"https:\/\/www.africa-company.net\/index.php\/wp-json\/wp\/v2\/media\/1293"}],"wp:attachment":[{"href":"https:\/\/www.africa-company.net\/index.php\/wp-json\/wp\/v2\/media?parent=1292"}],"wp:term":[{"taxonomy":"product_cat","embeddable":true,"href":"https:\/\/www.africa-company.net\/index.php\/wp-json\/wp\/v2\/product_cat?post=1292"},{"taxonomy":"product_tag","embeddable":true,"href":"https:\/\/www.africa-company.net\/index.php\/wp-json\/wp\/v2\/product_tag?post=1292"}],"curies":[{"name":"wp","href":"https:\/\/api.w.org\/{rel}","templated":true}]}}